t is the hundreds digit of q?
3
What is the thousands digit of 7/(((-3)/(-20))/((-48924)/(-540)))?
4
Suppose -80 = -20*h + 15*h. What is the thousands digit of (40/h)/(-5) + (-7670)/(-4)?
1
Let k(c) be the third derivative of c**5/30 - 11*c**4/24 + 7*c**3/6 - 89*c**2. What is the tens digit of k(-9)?
6
Let c(o) = -o**2 + 9*o + 11. Let w be c(14). Let h = 61 + w. Suppose 2*z = -h*m + 38, -78 = -4*m + z - 3*z. What is the units digit of m?
0
Suppose 11 = -3*y - 7, -3*m = 5*y - 67086. What is the ten thousands digit of m?
2
Suppose 0 = 3*c + d - 505, 5*d - 696 = -5*c + 149. Suppose -6*f + c = -5*f. Let w = f + -78. What is the tens digit of w?
9
Suppose -7*z + 26 + 9 = 0. Suppose z*l + 9 = k, 0 = -l + 1 - 2. Suppose -2*b = -k*b + 228. What is the hundreds digit of b?
1
Let x = -15 - -28. Suppose 2*c - x*c - 847 = 0. What is the units digit of 14/3*(-2376)/c?
4
Suppose -11*q = -8*q - 3. Suppose 11 = j - o, -o = 1 + q. What is the units digit of (681/j)/(2 + (-15)/9)?
7
Let c = 2257 - -6379. What is the hundreds digit of c?
6
Let h be 20 - (-4)/4 - 2. Let t = h - 17. What is the hundreds digit of (3/6)/(t/624)?
1
Let d(q) = -4 - 6*q + 0 + 19*q. Let u = -2257 - -2262. What is the units digit of d(u)?
1
Let j(p) = 409*p + 207. What is the thousands digit of j(11)?
4
What is the thousands digit of 24/(-14) - (3541194/(-42))/3?
8
Let y(a) = -a**3 - 6*a**2 - 2*a - 10. Let i be y(-6). Suppose 11 = -m + 4*u - 7, -5*m = -i*u. Suppose 49 = m*x - 17. What is the units digit of x?
3
Let x = 1429 + 530. What is the thousands digit of x?
1
What is the units digit of 6/3 + 6340 + 14 + -7?
9
Let u(l) = l**2 + l - 4. Let m be u(2). Let q be (-18)/12 - 218/(-4). Suppose m*x - q = -37. What is the units digit of x?
8
Let b be (-7)/((-14)/(-332)) - (-5 + 3). Let s = -75 - b. What is the tens digit of s?
8
Let h(y) = -13 - 13 - 27 + 71*y - 4 + 13. What is the hundreds digit of h(4)?
2
Let n be (3/(-2))/(3/(-6)). Suppose 360 = n*g - 5*x, 2*g - 253 + 13 = 5*x. Suppose 5*v - 370 = -g. What is the tens digit of v?
5
Suppose -5*v - 13*v + 287958 + 456360 = 0. What is the hundreds digit of v?
3
What is the thousands digit of (9/4)/(105/1265460)?
7
Suppose -347568 = -16*i + 5*i - 13*i. What is the ten thousands digit of i?
1
Let m = -476 - -107. Let c = m + 1140. What is the tens digit of c?
7
Suppose 34901 - 207227 = -4*b - j, j - 215407 = -5*b. What is the thousands digit of b?
3
Let y = -73149 + 134725. What is the units digit of y?
6
Suppose 106 = 3*u - 17. Suppose 0 = p + 184 + u. What is the hundreds digit of (-32)/6*p/12?
1
Let w(l) = -l**2 - 8*l + 29. Suppose -50 = 5*m - 5*h, 3*m + 3*h = h - 30. Let p be w(m). Let o(k) = 8*k - 22. What is the tens digit of o(p)?
5
Suppose -35*m + 18670 = 4*n - 37*m, 9305 = 2*n + 5*m. What is the tens digit of n?
6
Let u(h) = -4*h**2 - 24*h - 2. Let y be u(-13). What is the units digit of y/(-4) + (-16)/32?
1
Let b = 29 - 16. Let u be 2/((1/(-4) - 0)*-4). Suppose 0 = u*a - b - 59. What is the tens digit of a?
3
Let i = -609 - -801. Suppose 188*n = i*n - 1612. What is the tens digit of n?
0
Let r = 663 - 1050. Let n = 914 + r. What is the tens digit of n?
2
What is the thousands digit of 65399/3 - 4 - (-21)/9?
1
Let a(d) = -21*d**2 + 32*d - 224. Let o(s) = 25*s**2 - 32*s + 224. Let w(g) = -4*a(g) - 3*o(g). What is the hundreds digit of w(6)?
3
Let k = 1384 - 499. Let o = k + -654. What is the tens digit of o?
3
Suppose 0 = 5*z + 355 - 1710. Suppose 0 = -c - 4*o + 245, -4*c + 1191 - z = -4*o. What is the hundreds digit of c?
2
Let t(r) = 3*r**3 - 50*r**2 + 33*r - 7. Let c be t(16). Let q(p) = -2*p**3 + 23*p**2 - 14*p - 10. What is the units digit of q(c)?
9
Let r be 3/(-5) - 31931/(-185). Suppose 0 = 166*d - r*d + 5760. What is the hundreds digit of d?
9
Let g(f) = -1652*f - 1520. What is the ten thousands digit of g(-7)?
1
Suppose 11*z + 250128 = 47*z. What is the units digit of z?
8
What is the tens digit of 6377*(-7 + 612/84)?
2
Let i be (-28)/(-10) - (63/(-15) - -4). Suppose i*f + 2765 = 5*h, 15 = -13*f + 10*f. What is the hundreds digit of h?
5
Let i(v) = v**3 - 18*v**2 + 7*v - 8. Let k be i(13). Let d = -218 - k. What is the hundreds digit of d?
5
What is the ten thousands digit of ((-576)/10)/(-16 - (-17)/43690*41116)?
3
Let w = 16 - 3. Suppose 18*t - w*t - 3165 = 0. Suppose -3*i + 5*m + t = 0, 4*i + 0*m - 830 = 2*m. What is the units digit of i?
6
Suppose 4*r = 2*i - 12256, 20448 + 10210 = 5*i - 4*r. What is the thousands digit of i?
6
Let p(s) = -152*s**3 + 6*s - 5. Let q be p(1). Let o = 381 + q. What is the hundreds digit of o?
2
Let i(l) = -22548*l**3 - 277*l**2 - 280*l - 2. What is the tens digit of i(-1)?
4
Suppose -19*k + 6640 = -3*k. Suppose 417*y = k*y + 1218. What is the units digit of y?
9
Suppose -2 = 2*l - f - 20, f - 45 = -5*l. Let p(d) = -d**3 + 11*d**2 - 14*d - 22. What is the units digit of p(l)?
4
Suppose 145 = -6*o - 275. Let r = o + 105. Suppose 5*f - r - 265 = 0. What is the units digit of f?
0
Let b(r) = -r + 1. Let p(g) = g**3 - 22*g**2 + 24*g - 94. Let u(j) = 4*b(j) + p(j). What is the units digit of u(22)?
0
Let m(a) = 46*a**2 - 109*a + 18. What is the tens digit of m(-11)?
8
Let c(q) = 6*q**2 - 45*q - 4600. What is the hundreds digit of c(-57)?
4
Let l = 62123 + -16865. What is the hundreds digit of l?
2
Let c = 10194 - -6927. What is the tens digit of c?
2
What is the units digit of (172 + -1)/(15 + (-10304)/688)?
3
Let t(u) = -8*u - 13. Let z(l) = -2*l**3 - 13*l**2 - 5*l + 2. Let v be z(-6). Let p be t(v). Let j(q) = -q**2 + 22*q - 14. What is the units digit of j(p)?
3
Let f = 54 - 52. Suppose 6*k - f*k + 3*d + 8 = 0, -2*k = -3*d + 4. What is the units digit of k/(-4) - (-4)/8?
1
Let k = -9305 + 11346. What is the thousands digit of k?
2
Let t be (-50561)/(-5) - ((-27)/(-15))/9. What is the units digit of t/24 - 6 - 2/6?
5
Let p be (2/(-2)*6)/(0 - 2). Suppose -2*u - p*w + 3569 = 2*w, -3*u = 3*w - 5349. What is the tens digit of u?
8
Let v be 26892/52 + (-10)/65. Suppose v = 4*a + 29. What is the units digit of a?
2
Let o be (7/2 + -4)*1*2. Let y be (o - (0 - (3 - 2)))/2. Suppose y = 8*z - 967 + 319. What is the units digit of z?
1
Suppose 97 = 5*k - s, -3*k + 27 = -2*s - 27. Let l(m) = 46 - 3*m + 77 - k + m**2. What is the tens digit of l(0)?
0
Let x(j) be the second derivative of j**5/20 - 2*j**4/3 - 2*j**3 + 17*j**2 + 2*j + 11. Let u be x(16). Suppose 22*t - u = 15*t. What is the hundreds digit of t?
2
Let d = 518 + -518. Suppose 4*q + 937 - 5021 = d. What is the units digit of q?
1
Let x = 96 - 94. Let k(y) = 5*y + 2. What is the tens digit of k(x)?
1
Let v = -57 - -30. Let s = v - -29. Suppose 0 = s*z - 4*z + 62. What is the units digit of z?
1
What is the thousands digit of (-42*(2532/(-210) + 12))/(3/33310)?
6
Suppose -92*y + 478668 - 48102 = 3686. What is the thousands digit of y?
4
Let b = 42 - 27. Suppose 0*c + b = 5*c. Suppose k + 203 = 5*o - 202, 2*k + 243 = c*o. What is the units digit of o?
1
Let p = 2 - -2. Let q = 5270 - 5268. Suppose -4*t = -2*t - q*y - 138, 3*t = p*y + 212. What is the tens digit of t?
6
Let j(i) = 5*i**3 - 47*i**2 - 17*i - 87. What is the ten thousands digit of j(24)?
4
Let k(r) = -r**3 + 30*r**2 + 15*r + 29. Let v be k(30). Let c = -85 + v. What is the tens digit of c?
9
Suppose 4*l - 2*u + u = 253550, 5*l - u - 316938 = 0. What is the units digit of l?
8
Let r(h) = -34*h + 126. Let i = 126 + -138. What is the units digit of r(i)?
4
Let w(p) = 2*p + 47. Let q be w(-22). Suppose 288 = 4*v + 2*f, q*v + 6*f = f + 223. Let n = -48 + v. What is the tens digit of n?
2
Suppose -2*n = x - 104640, -209*n + 418572 = -201*n + 2*x. What is the thousands digit of n?
2
Suppose -360 + 6410 = 5*o. Let s = o + -524. What is the hundreds digit of s?
6
Suppose -i = i - 8. Let u(v) = v**3 + 26*v**2 + 25*v + 8. Let x be u(-25). Suppose -x*y + i*y + 212 = 0. What is the tens digit of y?
5
What is the tens digit of 268050/50 - (0 + 13)?
4
Let u(h) = 55*h + 770. Let m(k) = -4*k - 55. Suppose -3*n + b - 259 = 0, 2*b - 3*b + 4 = 0. Let x(q) = n*m(q) - 6*u(q). What is the units digit of x(13)?
5
Let k(g) = -2*g**2 + 2*g - 1. Let l(c) = c**2 - c. Let a(z) = -3*k(z) - 5*l(z). Let r be a(0). What is the units digit of (2/(-8))/(r/(-1572))?
1
Suppose -57*k - 1005 = -60*k. Suppose s + 4*t - 